6*u(v). Determine l(-14).
-122
Let x(j) be the third derivative of -1/6*j**3 - 1/20*j**5 - 1/120*j**6 - 27*j**2 + 1/24*j**4 + 0 - 2*j. What is x(-3)?
-4
Let t(g) be the second derivative of 23*g**3/6 - 365*g**2/2 - 116*g + 21. Calculate t(16).
3
Let o be (33 + -3)/10 + 2. Let a(x) = 27*x - 15. What is a(o)?
120
Let p(d) be the third derivative of -1/20*d**5 + 1/3*d**3 + 1/30*d**6 + 0 + 0*d - d**2 + 1/24*d**4. Let x = 27900 - 27898. Determine p(x).
24
Let z(r) = 59*r - 64. Let b(k) = 6*k - 10. Let u(d) = -6*b(d) + z(d). Calculate u(8).
180
Suppose -5*g + c - 179 = 0, -3*g + 311 = -12*g - c. Let i(l) = 2*l**3 + 71*l**2 + 35*l + 24. Calculate i(g).
24
Let m(x) = 7*x**3 + 17*x**2 - 76*x + 26. Let y(i) = -2*i**3 + 3*i**2 - i + 4. Let g(w) = -m(w) - 4*y(w). Determine g(26).
10
Let y(w) = 25*w - 49 - 48*w + 25*w + 23. Give y(7).
-12
Let t(o) = -o + 25. Let i be t(0). Let p = i + -20. Suppose -p*h = -27 + 2. Let w(f) = -f - 2. What is w(h)?
-7
Let j(l) = 8*l + 420*l**2 + 426*l**2 - 1261*l**2 + 416*l**2 + 1. Let q be -4*(4/(-1))/(-2). Determine j(q).
1
Suppose -r + 14 = 3*t, -4*r + 2*t = -t + 4. Let w(x) = 11*x - 5 + x - 8*x - r*x. What is w(-5)?
-15
Suppose -l - 5*w = -13 - 6, -w + 3 = 0. Suppose -l*p - 27 = -5*t, 4*t + 3*p - 2*p = 9. Let j(u) = -u**3 + 4*u**2 - 5*u + 2. What is j(t)?
-4
Let m(l) be the third derivative of -l**4/12 + 14*l**3/3 + 6158*l**2. Determine m(26).
-24
Suppose -3*w - 10*w + 78 = 0. Let z(x) = 14 - 3*x + 14 - 36 + 13. Give z(w).
-13
Let v(f) = 31*f**2 + 7*f - 31. Let d be v(5). Let y = -779 + d. Let c(p) = -p - 12. What is c(y)?
-12
Let d(m) = 2*m**3 + 18*m**2 + m - 13. Let h = 534 - 543. Determine d(h).
-22
Let a be ((-24)/20 + 0)/(1/(-5)). Let m(o) = 5*o - 26. Calculate m(a).
4
Suppose -438*a = -431*a + 903. Let v = a - -139. Let r(l) = l**2 - 10*l - 3. Determine r(v).
-3
Suppose 0 = -5*u - 15. Let z(c) be the first derivative of -1 + c**2 + 1/3*c**3 + 3*c. Give z(u).
6
Let v(c) = c**3 - 6*c**2 + 7*c + 2. Suppose w + w = -128. Let u = -63 - w. Suppose 4*p + 3*m - 7*m - 32 = 0, -2*m - u = p. Determine v(p).
12
Let r(m) = m**3 + 3*m**2 - 2*m + 2. Let l be (-1)/2 - (-42)/(-12). Suppose -2*a + 7*a = 1820. Let k be a/169 + l/26. What is r(k)?
18
Let r(x) = -x**3 + 4*x**2 + 8*x - 5. Let s = 3 + -5. Suppose -1875*l - 14 = -1880*l + 16. Let p be (-6)/l - s - (0 - 4). What is r(p)?
10
Let i(y) = -11*y**2 + 17*y + 30. Let x(b) = 6*b**2 - 10*b - 20. Let r(j) = 3*i(j) + 5*x(j). Calculate r(-4).
-62
Let n(x) = -6403*x - 19211. Let f be n(-3). Let c(v) be the second derivative of -5*v**4/12 - 2*v. Calculate c(f).
-20
Suppose 3*i + 24 = -0*i. Let b(r) be the third derivative of r**4/24 + 4*r**3/3 + 252*r**2. Give b(i).
0
Let j(w) = -43*w**2 + 35*w + 45. Let y(l) = -26*l**2 + 18*l + 23. Let d(b) = 3*j(b) - 5*y(b). Give d(-16).
36
Let q(b) = -b**2 - 12 + 1 + 1 - 3*b + 0*b**2 + 9. Let u = -66 + 36. Let c be 3/u*-8*-5. Give q(c).
-5
Let z be (41/(1517/(-111)))/((-18)/1). Let w(k) be the second derivative of 3*k**2 + 0 - z*k**3 - 23*k. What is w(-6)?
12
Suppose 0 = -4*j + 36 - 8. Let p(h) = -32*h**3 - 124*h**2 + 49*h - 63. Let i(l) = 27*l**3 + 104*l**2 - 41*l + 53. Let o(m) = -19*i(m) - 16*p(m). What is o(j)?
15
Let o(l) = -l - 7. Suppose 5*t + 22 = 2. Let g(h) = -13*h + 57. Let s(y) = 5*y - 19. Let j(v) = 4*g(v) + 11*s(v). Let z be j(t). What is o(z)?
-14
Let j be 2/(-1)*6/(-4). Let x(z) = -z**2 + 5*z - 2. Let g be x(j). Let q(k) = -g*k - 6 + 7*k + 3 + 4. What is q(-3)?
-8
Suppose 3*j + 12 = 0, 6 = -m - 40*j + 39*j. Let t(p) be the first derivative of 2/3*p**3 + 0*p + 1/2*p**4 - p**2 + 2. What is t(m)?
-4
Let s(j) be the first derivative of -j**4/4 - 11*j**3/3 + 11*j**2/2 - 11*j - 2330. Calculate s(-12).
1
Let r(c) = -3*c**3 + 61*c**2 - 13*c + 11. Let t(x) = -3*x**3 + 55*x**2 - 13*x + 11. Let h(q) = 9*r(q) - 10*t(q). What is h(1)?
4
Let h = -219 + 226. Suppose -3*j - 2*x - 24 = 0, -8*j + h*j + x = 8. Let f(i) be the first derivative of i**2 + 12*i + 2. What is f(j)?
-4
Let v(h) = 2*h - 10. Suppose -2*s - 3*y + 6 = 0, 141*s - 136*s = -3*y + 6. Determine v(s).
-10
Let h(a) = -a + 3. Let b = 483 - 475. Let n(w) = w**3 - 7*w**2 - 9*w + 5. Let z be n(b). What is h(z)?
6
Suppose 0 = 5*m + 6*m. Suppose m = -8*c + 11*c - 12. Let o(w) = -6 + c + 2 - 4 + w. Determine o(7).
3
Let c(y) = -y + 15. Let h be c(12). Suppose 11 = -t - h*i, 0 = -5*t - 7*i + 4*i + 5. Let p(l) = -t + 5*l + 0*l + 15*l - l**2 - 9*l. Determine p(7).
24
Let n(z) = 6*z**2 - 20*z - 9. Let l be n(6). Let t(y) = -78*y + l*y - y**3 + 1 - 3 + 5*y**2. Give t(6).
16
Let y(c) = 30*c - 275. Let s = 581 - 572. Let q be y(s). Let d(z) = z**2 + 9*z + 6. What is d(q)?
-14
Let p(n) = -3*n**2 + 25*n + 31. Let v be 60*50/125*((-33)/(-24) + -1). What is p(v)?
13
Let i(k) = -3*k - 3. Let b be (51 + 57)*((-2)/(-6))/1. Suppose -8 = -2*t + m, -33*m + 18 = 3*t - b*m. Calculate i(t).
-9
Let t(y) = -y**3 + 8*y**2 - 8*y + 9. Suppose 2*r = -4, l - 36 = r + 2*r. Suppose 16*z - l = 11*z. Let o be z + (5 - 1)/4. What is t(o)?
2
Let m(f) be the first derivative of f**3/3 - 15*f**2/2 - 13*f + 3731. Determine m(13).
-39
Let d(s) = s**3 + 21*s**2 - 21*s + 25. Let w be -1 + 1 - (14 - -8). Let h be d(w). Let i be 2*(-1 - (h - 3)/2). Let u(v) = -v**3 - v**2 - v. Determine u(i).
6
Let x(t) = t**3 + 17*t**2 + 40*t - 35. Let p be x(-14). Let q(r) = -12*r - 3. Calculate q(p).
81
Let x(g) = -8*g**3 - g**2 - g - 1. Suppose -7*l - 151 = 1221. Let t = l - -195. Calculate x(t).
7
Let b(t) = t**3 - 2*t**2 + 3*t - 6. Suppose -4*c + 4*v + 36 = 0, v = -5*c + 43 - 34. Calculate b(c).
12
Suppose -15 = 14*r - 43. Let u(x) = -7*x + x**r + 16 + 1 - 13. Determine u(5).
-6
Let w(y) = 2*y**2 - 8*y - 642 + 19*y + 1286 + 5*y**2 - 641. Calculate w(-3).
33
Suppose -10*o + 31 = -109. Let m(z) = o - 12*z - 29 + 10 - z**2. What is m(-11)?
6
Let a(c) = c**3 + 6*c**2 - 3*c + 7. Let x(z) = 29*z - 20. Let f be x(-1). Let h be 322/f - 4/(-7). Give a(h).
25
Suppose 120*s - 139*s - 19 = 0. Let b(a) = 43*a. Give b(s).
-43
Let a(l) be the first derivative of l - 4*l**2 + 1/3*l**3 + 58. What is a(6)?
-11
Let c(u) be the first derivative of u**3/3 - 2*u**2 - 9*u + 3595. Give c(5).
-4
Let o(w) = -w**2 - 28*w + 63. Let x be (5/(-3))/((-284)/72 - -4). Let b be o(x). Let y(g) = g**2 + g - 3. Give y(b).
9
Let f = 8175 + -8195. Let h(b) = -b**3 - 19*b**2 + 16*b - 13. Give h(f).
67
Suppose n = 14*q - 18*q + 1157, 5*n = 3*q - 839. Let t = -290 + q. Let u(p) = 2*p**2 - 2*p - 2. Give u(t).
10
Let s(m) be the third derivative of -m**5/60 + m**4/12 - 9*m**3/2 + 159*m**2 + 1. Calculate s(0).
-27
Let i(l) = -l - 10. Let v be (0 + (-92)/(-2))*-1. Let p = 12 + v. Let s = -42 - p. Give i(s).
-2
Let t(g) = 2*g + 8*g + 25 + 20*g - 20*g. What is t(8)?
105
Let m = -461 - -460. Let h(y) = 8*y - 39. Let z(q) = -5. Let n(r) = m*h(r) + 6*z(r). Give n(6).
-39
Let c(i) be the second derivative of 11*i**5/20 + 2*i**3/3 + i**2 - 9*i + 210. What is c(-2)?
-94
Let d(o) = -o**2 + 19*o - 1. Let z(c) = 126*c + 1. Let t(h) = -6*d(h) + 2*z(h). Give t(-23).
8
Suppose -4*l - 2*i = -536, -l - 4*i = -12 - 108. Suppose -11*m + 73 = -l. Let p(o) = -44*o**2 - 5*o + 2*o - 1 + m*o**2 + 23*o**2. Calculate p(-2).
-3
Let v(p) = -25*p + 72. Suppose 476 = -377*j + 590 + 1017. Determine v(j).
-3
Let n = 71 + -75. Let z(j) = -j**2 - 2*j - 9. Let x(i) = -i**2 - 3*i - 9. Let q(l) = n*x(l) + 3*z(l). Suppose -y + 21 = 27. What is q(y)?
9
Let c be -1 - (-5 - -2) - (17 - 16). Let y(r) = 4 - c - 14 + 1 + r. Give y(6).
-4
Let s(x) = -2*x**3 + 4*x**2 + x - 2. Let o be (-1)/(-2)*(2 - 0). Suppose -8 = 4*u, 0*u + 4*u - o = -3*c. Give s(c).
-17
Let o = -533 - -524. Let y(g) be the third derivative of -g**6/120 - 3*g**5/20 + g**4/24 + 5*g**3/6 - 10*g**2. Calculate y(o).
-4
Let r(m) = 37*m**3 - 6*m**2 + 6*m. Let k(o) = 102*o**3 - 16*o**2 + 18*o - 1. Let f(v) = 4*k(v) - 11*r(v). What is f(-3)?
-31
Let s(d) = -4*d + 4. Let m(u) = -u**3 + 11*u**2 + 13*u - 5. Suppose 5*a = 2*n + 68, -5*a + 52 = -2*a - 4*n. Let v be m(a). Determine s(v).
-24
Let q be (-2)/4 - 1/(-2). Let a(v) be the third derivative of -v**5/120 + 103*v**3/3 - 65*v**2 - v. Let d(w) be the first derivative of a(w). Give d(q).
0
Let h(j) be the third derivative of j**6/120 + 3*j**5/20 - j**4/24 - 5*j**3/6 - 9*j**2. Let x(p) = -p**2 + 9*p - 27. Let u be x(3). W